{"id":18777,"date":"2018-08-27T19:22:31","date_gmt":"2018-08-27T19:22:31","guid":{"rendered":"http:\/\/novo.gruporazente.com.br\/?page_id=18777"},"modified":"2018-09-18T20:05:20","modified_gmt":"2018-09-18T20:05:20","slug":"a-empresa-razente-imoveis","status":"publish","type":"page","link":"https:\/\/www.imobiliariarazente.com.br\/index.php\/a-empresa-razente-imoveis\/","title":{"rendered":"A Empresa &#8211; Razente Im\u00f3veis"},"content":{"rendered":"<p>A RAZENTE IM\u00d3VEIS foi fundada no ano de 2003.<\/p>\n<p>Em novas e modernas instala\u00e7\u00f5es, localizada na Av. Brasil, 523 em Nova Esperan\u00e7a \u2013 PR, a Razente Im\u00f3veis atua no ramo de loca\u00e7\u00f5es de im\u00f3veis residenciais e comerciais, comercializa\u00e7\u00e3o de loteamentos e im\u00f3veis rurais, avalia\u00e7\u00e3o, e venda de im\u00f3veis.<\/p>\n<p>Com ampla carteira de loca\u00e7\u00e3o, hoje \u00e9 uma empresa consolidada que garante seguran\u00e7a e confiabilidade aos seus clientes.<\/p>\n<p>Fa\u00e7a-nos uma visita.<\/p>\n<p><img loading=\"lazy\" class=\"aligncenter size-full wp-image-18778\" src=\"http:\/\/novo.gruporazente.com.br\/wp-content\/uploads\/2018\/08\/razenteimoveis.jpg\" alt=\"\" width=\"640\" height=\"480\" srcset=\"https:\/\/www.imobiliariarazente.com.br\/wp-content\/uploads\/2018\/08\/razenteimoveis.jpg 640w, https:\/\/www.imobiliariarazente.com.br\/wp-content\/uploads\/2018\/08\/razenteimoveis-300x225.jpg 300w\" sizes=\"(max-width: 640px) 100vw, 640px\" \/><\/p>\n","protected":false},"excerpt":{"rendered":"<p>A RAZENTE IM\u00d3VEIS foi fundada no ano de 2003. Em novas e modernas instala\u00e7\u00f5es, localizada na Av. Brasil, 523 em Nova Esperan\u00e7a \u2013 PR, a Razente Im\u00f3veis atua no ramo de loca\u00e7\u00f5es de im\u00f3veis residenciais e comerciais, comercializa\u00e7\u00e3o de loteamentos e im\u00f3veis rurais, avalia\u00e7\u00e3o, e venda de im\u00f3veis. Com ampla carteira de loca\u00e7\u00e3o, hoje \u00e9 uma empresa consolidada que garante seguran\u00e7a e confiabilidade aos &#8230;<\/p>\n","protected":false},"author":1,"featured_media":0,"parent":0,"menu_order":0,"comment_status":"closed","ping_status":"closed","template":"","meta":[],"_links":{"self":[{"href":"https:\/\/www.imobiliariarazente.com.br\/index.php\/wp-json\/wp\/v2\/pages\/18777"}],"collection":[{"href":"https:\/\/www.imobiliariarazente.com.br\/index.php\/wp-json\/wp\/v2\/pages"}],"about":[{"href":"https:\/\/www.imobiliariarazente.com.br\/index.php\/wp-json\/wp\/v2\/types\/page"}],"author":[{"embeddable":true,"href":"https:\/\/www.imobiliariarazente.com.br\/index.php\/wp-json\/wp\/v2\/users\/1"}],"replies":[{"embeddable":true,"href":"https:\/\/www.imobiliariarazente.com.br\/index.php\/wp-json\/wp\/v2\/comments?post=18777"}],"version-history":[{"count":2,"href":"https:\/\/www.imobiliariarazente.com.br\/index.php\/wp-json\/wp\/v2\/pages\/18777\/revisions"}],"predecessor-version":[{"id":18782,"href":"https:\/\/www.imobiliariarazente.com.br\/index.php\/wp-json\/wp\/v2\/pages\/18777\/revisions\/18782"}],"wp:attachment":[{"href":"https:\/\/www.imobiliariarazente.com.br\/index.php\/wp-json\/wp\/v2\/media?parent=18777"}],"curies":[{"name":"wp","href":"https:\/\/api.w.org\/{rel}","templated":true}]}}